*i + 14. Let s be m(-6). What is the greatest common factor of s and 112?
14
Suppose 2*l - 7*l = -4*p + 36, 2*p + l - 4 = 0. Suppose 0 = -3*t + 48 - 12. What is the highest common factor of t and p?
4
Suppose 0 = -3*z + 4*k + 22 + 58, 2*z - 3*k = 52. Calculate the greatest common divisor of 8 and z.
8
Let n be 8/48 - (-29)/6. Suppose -n*f + 15 = 3*g, -4*f + 3*g = 2*g - 12. Calculate the greatest common factor of 15 and f.
3
Let l = -51 - -75. What is the highest common divisor of l and 48?
24
Suppose -4*w + 60 = -2*n, 3*w + 0*n = -4*n + 56. Let q = -1 - -3. Calculate the greatest common factor of q and w.
2
Suppose 136 = 2*i - 174. What is the highest common divisor of i and 62?
31
Let z = -85 + 151. Let f = z - 24. What is the highest common divisor of 14 and f?
14
Let w be -1*(1 + -3) + 5 + 154. Calculate the highest common factor of 7 and w.
7
Let c(b) = -b**3 - 7*b**2 - 5*b - 4. Let t be c(-6). Let i = t - -18. Let o = 6 - -2. Calculate the highest common divisor of o and i.
8
Let x be (-12 + 10)*(-2 + 0). Suppose 9*l = 4*l + 2*u + 24, 26 = x*l - 5*u. What is the highest common divisor of l and 36?
4
Let r be (-422)/(-7) - 4/14. Let a = 8 + 32. What is the greatest common divisor of a and r?
20
Let c(j) = -2*j + 1. Let b be (0 - 1) + 3 + -2. Let u be c(b). Calculate the greatest common divisor of 5 and u.
1
Suppose 80 = -2*i + 3*i. Let p = -24 + 17. Let z(n) = -n**3 - 8*n**2 - 8*n + 3. Let s be z(p). Calculate the highest common factor of s and i.
10
Suppose 5*c = -12 - 18. Let k be 10/3*c/(-4). Suppose 0 = -k*y - 6 + 21. What is the greatest common factor of y and 6?
3
Let r(y) = 9 - 4*y + 6*y - 7*y**2 + y**3 - 8*y. Let a be r(8). Calculate the greatest common divisor of a and 5.
5
Let j(p) = -p**2 + 12*p + 1. Let k be j(7). Calculate the highest common divisor of k and 54.
18
Let k be (-24*(3 - 4))/(9/6). Calculate the highest common factor of k and 24.
8
Let v(j) = j**2 + 4*j. Let m be v(-5). Suppose -5*g = -0*g - 3*f - 108, m*g = 2*f + 107. What is the greatest common factor of g and 7?
7
Suppose 0 = 4*o - 45 - 27. What is the greatest common factor of o and 18?
18
Let g be 1*(-7 - 0 - 2). Let d = 18 - g. Suppose -5 = -3*y + 4*k + 19, -3*y = -5*k - d. What is the highest common divisor of 20 and y?
4
Let p(y) = y**3 - 5*y**2 + 3*y + 4. Let v be p(4). Suppose -4*s - 20 = -v*s. Let x be -1*((0 - 2) + s). What is the highest common factor of x and 49?
7
Let i be -1 - (-4 - (-30)/(-3)). Calculate the greatest common factor of i and 26.
13
Let t(n) = 2*n**2 - 6*n + 14. Let j be t(7). Let b(k) = -k**2 + k + 5. Let f be b(4). Let q = 0 - f. Calculate the greatest common divisor of q and j.
7
Suppose -5*m = -v + 32, -3*v - 5*m + 55 = -21. Let d(t) = v*t**2 + 3 + 4*t - 1 - 8*t**2. Let f be d(-2). What is the highest common divisor of 14 and f?
14
Suppose -5*j + 9 = -1. Let s = 2 - j. Suppose s*l + 2*l - 24 = 0. Calculate the greatest common divisor of l and 8.
4
Suppose 0 = -2*y + 1 + 17. What is the highest common divisor of 6 and y?
3
Suppose -j + 0 = -2. Let r be (-172)/(4/j) - -2. Let i be -1 - r - (-27)/(-9). Calculate the greatest common factor of i and 32.
16
Let r be 12/(-8)*8/(-3). Suppose 2*n = 5*n - 5*h - 37, 2*n - 10 = -r*h. What is the greatest common factor of 99 and n?
9
Let v = 32 + -20. What is the highest common factor of v and 12?
12
Suppose -3*t = 0, 3*t = -3*a - 0*t + 108. Suppose -2*j = -7 - 1, 4*j - 76 = -5*w. What is the greatest common divisor of w and a?
12
Let l = -30 - -115. Suppose 14*x = 11*x + 75. Suppose -l = -7*q + 3*q - p, -5*p + x = 0. Calculate the greatest common factor of 8 and q.
4
Let w(z) = -z + 20. Let p be w(0). Let u be (-2)/11 - (-90)/11. What is the highest common divisor of u and p?
4
Let k be (6/(-8))/(2/(-40)). Suppose 4*f - 20 = 0, -2*x + 5*f - 43 = -5*x. Let o be (-5*2)/((-4)/x). Calculate the highest common factor of o and k.
15
Let u be 2/(-6) + 4/12. Suppose 0 = -4*j - u*j + 52. What is the highest common factor of 143 and j?
13
Let p = -143 + 147. What is the greatest common divisor of 20 and p?
4
Let b = 4 + 26. What is the highest common factor of b and 10?
10
Suppose -3*y - 48 = -7*y. Suppose -384 = -3*l - l. Calculate the greatest common factor of l and y.
12
Let c = -14 - -41. Suppose -z = -4*z + 9. Suppose -3*w + 5 = -j + 2, z*j - 5*w - 7 = 0. What is the highest common factor of j and c?
9
Let q = -72 + 111. Suppose -24 = -w + q. What is the highest common factor of 21 and w?
21
Suppose 13*v - 259 = 1. Calculate the highest common divisor of 20 and v.
20
Suppose -5*g = 15, -15 = h + 2*g + 2*g. Let p be (4/h)/((-5)/255). Calculate the greatest common factor of 17 and p.
17
Let w(h) = h**2 + 6*h + 21. Let l be w(-9). What is the greatest common divisor of l and 16?
16
Suppose -4*j = -j + 5*q - 52, 0 = -j - q + 14. Calculate the greatest common divisor of 18 and j.
9
Suppose 340 = 5*h - 2*j, 5 = -3*j + 4*j. Calculate the highest common divisor of h and 10.
10
Let y be (4 - -2)/(3/18). Calculate the greatest common factor of 9 and y.
9
Let j = 7 - 2. Calculate the highest common factor of 35 and j.
5
Let f = -7 - -15. Suppose -f*j + 1 = -7*j. Calculate the highest common factor of j and 5.
1
Suppose -2*n = 3*n. Suppose -q - 3*o - 261 = n, -3*q - 827 = -5*o + 3*o. Let b be (q/(-28))/(1/4). Calculate the greatest common factor of b and 13.
13
Suppose 0 = -13*j + 15*j - 8. Let k be (1 - 0)/((-1)/(-20)). What is the greatest common divisor of j and k?
4
Suppose -c - 2*s + 368 = 3*c, -275 = -3*c - s. Suppose 4*t - 6*t = 0. Let x be 3 + -3 + t + 13. What is the greatest common factor of x and c?
13
Let s(j) be the first derivative of 2*j**3/3 - 7*j**2/2 + j - 2. Let k be s(5). What is the highest common factor of 16 and k?
16
Suppose 4*d + 7*m = 2*m + 15, -m + 3 = 3*d. Let g be d*(-1 + 2/4). Let f be 8*13/2 - g. Calculate the highest common divisor of 13 and f.
13
Suppose -34 + 6 = -7*c. Calculate the greatest common factor of c and 10.
2
Suppose 22 + 18 = 5*s. Let c be (-1445)/(-20) + (-2)/s. What is the greatest common divisor of 9 and c?
9
Suppose -3*j = -0 - 30. Calculate the greatest common divisor of j and 10.
10
Let t be (22 + -8)*24/14. Suppose -38 + 2 = -r. What is the highest common factor of r and t?
12
Let a be (144/(-42))/(-2 - 120/(-63)). Calculate the greatest common divisor of a and 24.
12
Let v be (-1 - 2)*(-8 - -3). Calculate the highest common factor of v and 60.
15
Let z = 0 + 2. Suppose -2*h = 3*m - 56, -38 = -z*m - 4*h - 6. Calculate the highest common divisor of 50 and m.
10
Let m(d) = d + 15. Let h be m(-11). Let s(c) = 217*c**2 + c. Let k be s(-1). Suppose k = -b + h*b. What is the greatest common factor of b and 9?
9
Let q be (1 + (-10)/4)*(-128)/24. Calculate the highest common factor of q and 88.
8
Let l(y) = y**3 + y**2 + y + 5. Let m be l(0). Suppose -m*q + 271 = 31. What is the highest common divisor of 12 and q?
12
Let c(s) = s**3 - 3*s**2 + 2*s + 2. Let o be c(2). Suppose -4*l = -2*g + 2, -2*g + o + 2 = -2*l. Calculate the highest common factor of 11 and l.
1
Suppose -2*f - 3*f + 4*q = -69, -f + 1 = -4*q. Suppose u - 5*l - 21 = 1, 4*l = 4*u - 72. Calculate the highest common factor of u and f.
17
Let g = -369 - -549. Let p be 20/1 + -1 - 1. Calculate the greatest common factor of g and p.
18
Let h(d) = -d**2 + 38. Let v be h(0). Let q = -4 + 7. Let i be ((-38)/q)/(4/(-18)). Calculate the greatest common factor of v and i.
19
Suppose 4*f - 19 = 29. Calculate the greatest common divisor of 96 and f.
12
Suppose t - 4 = 18. Let k(f) = 198*f**3 - f**2 + 2*f - 1. Let c be k(1). Calculate the highest common divisor of t and c.
22
Suppose -4*x - 138 = -554. What is the highest common factor of 13 and x?
13
Let j = -2 + 6. Suppose 0 = j*i - 2*i - 22. Calculate the greatest common divisor of i and 55.
11
Suppose 2*p - 112 = -k - p, -p = 0. Calculate the greatest common factor of k and 16.
16
Let i(l) = 3*l + 15. Let x be i(12). Calculate the highest common factor of 34 and x.
17
Let s(x) = -59*x + 6. Let g be s(-6). Let t be (g/8)/((-6)/(-4)). Calculate the greatest common divisor of 15 and t.
15
Let d(n) = 11*n - 1. Let c be d(1). Calculate the greatest common divisor of c and 10.
10
Suppose 0 = 11*k - 12*k + 60. What is the greatest common factor of k and 20?
20
S